
What is the hundreds digit of 1071?
0
What is the units digit of 17?
7
What is the units digit of 1476?
6
What is the thousands digit of 2454?
2
What is the units digit of 364?
4
What is the units digit of 3543?
3
What is the hundreds digit of 1612?
6
What is the tens digit of 1587?
8
What is the ten thousands digit of 113379?
1
What is the ten thousands digit of 16012?
1
What is the units digit of 1196?
6
What is the tens digit of 7599?
9
What is the thousands digit of 1046?
1
What is the units digit of 1271?
1
What is the units digit of 7353?
3
What is the ten thousands digit of 169664?
6
What is the tens digit of 13460?
6
What is the units digit of 942?
2
What is the hundreds digit of 1750?
7
What is the units digit of 9759?
9
What is the thousands digit of 4177?
4
What is the units digit of 29177?
7
What is the units digit of 1448?
8
What is the ten thousands digit of 135574?
3
What is the tens digit of 3146?
4
What is the tens digit of 15944?
4
What is the units digit of 18?
8
What is the thousands digit of 121812?
1
What is the hundreds digit of 2825?
8
What is the hundreds digit of 30600?
6
What is the tens digit of 37532?
3
What is the tens digit of 2323?
2
What is the thousands digit of 58297?
8
What is the thousands digit of 3827?
3
What is the units digit of 1847?
7
What is the tens digit of 20706?
0
What is the tens digit of 10949?
4
What is the units digit of 1816?
6
What is the tens digit of 13553?
5
What is the thousands digit of 18413?
8
What is the hundreds digit of 850?
8
What is the thousands digit of 100913?
0
What is the thousands digit of 28591?
8
What is the units digit of 2355?
5
What is the tens digit of 22765?
6
What is the hundreds digit of 1439?
4
What is the tens digit of 806?
0
What is the units digit of 1727?
7
What is the tens digit of 48?
4
What is the tens digit of 989?
8
What is the units digit of 4276?
6
What is the hundreds digit of 7450?
4
What is the tens digit of 1988?
8
What is the tens digit of 19731?
3
What is the thousands digit of 12779?
2
What is the thousands digit of 1374?
1
What is the units digit of 1989?
9
What is the units digit of 2753?
3
What is the ten thousands digit of 20279?
2
What is the thousands digit of 2509?
2
What is the units digit of 44055?
5
What is the thousands digit of 1043?
1
What is the tens digit of 699?
9
What is the units digit of 11313?
3
What is the ten thousands digit of 39373?
3
What is the ten thousands digit of 34618?
3
What is the ten thousands digit of 17688?
1
What is the units digit of 5802?
2
What is the units digit of 1112?
2
What is the ten thousands digit of 24622?
2
What is the thousands digit of 47962?
7
What is the tens digit of 56164?
6
What is the thousands digit of 1411?
1
What is the thousands digit of 153210?
3
What is the units digit of 7279?
9
What is the hundreds digit of 999?
9
What is the units digit of 12551?
1
What is the hundreds digit of 9207?
2
What is the tens digit of 1363?
6
What is the thousands digit of 5807?
5
What is the hundreds digit of 575?
5
What is the tens digit of 18677?
7
What is the hundreds digit of 1540?
5
What is the tens digit of 20700?
0
What is the ten thousands digit of 34641?
3
What is the tens digit of 24813?
1
What is the hundreds digit of 443?
4
What is the thousands digit of 22925?
2
What is the thousands digit of 13538?
3
What is the hundreds digit of 6217?
2
What is the units digit of 477?
7
What is the tens digit of 38?
3
What is the tens digit of 254?
5
What is the units digit of 407?
7
What is the ten thousands digit of 44674?
4
What is the tens digit of 1253?
5
What is the tens digit of 157?
5
What is the hundreds digit of 1491?
4
What is the tens digit of 791?
9
What is the units digit of 60584?
4
What is the tens digit of 34525?
2
What is the thousands digit of 69424?
9
What is the ten thousands digit of 94760?
9
What is the hundreds digit of 5162?
1
What is the tens digit of 5489?
8
What is the units digit of 388?
8
What is the hundreds digit of 2557?
5
What is the units digit of 1417?
7
What is the units digit of 347?
7
What is the tens digit of 158?
5
What is the thousands digit of 24712?
4
What is the ten thousands digit of 38946?
3
What is the units digit of 20370?
0
What is the units digit of 644?
4
What is the hundreds digit of 739?
7
What is the units digit of 612?
2
What is the tens digit of 2861?
6
What is the units digit of 18806?
6
What is the hundreds digit of 24200?
2
What is the hundreds digit of 796?
7
What is the thousands digit of 1603?
1
What is the thousands digit of 117375?
7
What is the hundreds digit of 65518?
5
What is the hundreds digit of 5000?
0
What is the hundreds digit of 229?
2
What is the hundreds digit of 20407?
4
What is the hundreds digit of 13119?
1
What is the hundreds digit of 3056?
0
What is the units digit of 4423?
3
What is the tens digit of 556?
5
What is the hundreds digit of 97044?
0
What is the tens digit of 5461?
6
What is the units digit of 45639?
9
What is the tens digit of 10774?
7
What is the thousands digit of 22060?
2
What is the units digit of 3540?
0
What is the hundreds digit of 370?
3
What is the tens digit of 46207?
0
What is the hundred thousands digit of 145990?
1
What is the hundreds digit of 3790?
7
What is the tens digit of 1145?
4
What is the units digit of 55982?
2
What is the tens digit of 4482?
8
What is the hundreds digit of 4423?
4
What is the units digit of 163757?
7
What is the tens digit of 5611?
1
What is the tens digit of 150487?
8
What is the hundred thousands digit of 160483?
1
What is the units digit of 2405?
5
What is the tens digit of 2580?
8
What is the ten thousands digit of 144434?
4
What is the hundreds digit of 507?
5
What is the hundreds digit of 2568?
5
What is the tens digit of 1301?
0
What is the hundreds digit of 30658?
6
What is the hundreds digit of 10596?
5
What is the thousands digit of 4742?
4
What is the tens digit of 10097?
9
What is the units digit of 1480?
0
What is the ten thousands digit of 15701?
1
What is the units digit of 11617?
7
What is the hundreds digit of 908?
9
What is the thousands digit of 89894?
9
What is the tens digit of 1552?
5
What is the units digit of 14424?
4
What is the hundreds digit of 4282?
2
What is the units digit of 107242?
2
What is the thousands digit of 8979?
8
What is the hundreds digit of 14086?
0
What is the hundreds digit of 1184?
1
What is the tens digit of 16472?
7
What is the tens digit of 20812?
1
What is the units digit of 10644?
4
What is the thousands digit of 20296?
0
What is the thousands digit of 13856?
3
What is the tens digit of 9720?
2
What is the units digit of 396?
6
What is the tens digit of 97845?
4
What is the units digit of 334?
4
What is the tens digit of 55304?
0
What is the units digit of 3558?
8
What is the units digit of 48198?
8
What is the ten thousands digit of 54973?
5
What is the units digit of 78?
8
What is the thousands digit of 3308?
3
What is the hundreds digit of 18640?
6
What is the units digit of 3710?
0
What is the ten thousands digit of 63742?
6
What is the thousands digit of 1731?
1
What is the units digit of 800?
0
What is the units digit of 662?
2
What is the thousands digit of 39564?
9
What is the hundreds digit of 851?
8
What is the tens digit of 360?
6
What is the ten thousands digit of 69413?
6
What is the units digit of 421?
1
What is the thousands digit of 33790?
3
What is the tens digit of 11244?
4
What is the thousands digit of 17413?
7
What is the hundreds digit of 4006?
0
What is the units digit of 509?
9
What is the hundreds digit of 114?
1
What is the units digit of 116?
6
What is the hundreds digit of 77569?
5
What is the tens digit of 48352?
5
What is the hundreds digit of 23549?
5
What is the hundreds digit of 584?
5
What is the ten thousands digit of 123526?
2
What is the units digit of 68220?
0
What is the hundreds digit of 1038?
0
What is the thousands digit of 1851?
1
What is the thousands digit of 44747?
4
What is the hundreds digit of 2694?
6
What is the tens digit of 4784?
8
What is the tens digit of 3655?
5
What is the hundreds digit of 25346?
3
What is the thousands digit of 123997?
3
What is the thousands digit of 1156?
1
What is the tens digit of 7315?
1
What is the units digit of 722?
2
What is the t